git of i?
0
Let w = 20 + -15. Let o(d) = d**2 - 4*d - 5. Let s be o(5). Let p = s + w. What is the units digit of p?
5
Suppose -5*f = -w + 41, 3*f = -5*w + 134 + 43. Suppose -9 = 3*c - w. What is the units digit of (c/15)/((-1)/(-5))?
3
Let g(t) = t**3 + 2*t**2 - 3*t - 2. Let y(u) = u + 5. Let w be y(-7). Let j be g(w). Suppose 13 - 45 = -j*x. What is the units digit of x?
8
Suppose d + 45 = -4*d. Let o = d - -25. Let f = -6 + o. What is the tens digit of f?
1
Let z = -35 + 76. What is the units digit of z?
1
Let j(v) = 100*v**2 + v. Let l be j(1). Suppose -z - 107 = -5*o, -2*o + l = 3*o + 2*z. What is the units digit of o?
1
Let t(y) = 3*y + 20. What is the units digit of t(19)?
7
Let m(f) = -5*f - 1. Let b(d) = -6*d - 1. Let l(v) = -4*b(v) + 5*m(v). What is the units digit of l(-2)?
1
Let r(q) = -q**3 - 6*q**2 - q - 8. Let p be r(-6). Let g = p - -15. What is the tens digit of g?
1
Suppose -g - g = -18. Let i be (1*(0 + 1))/(-1). Let r = g + i. What is the units digit of r?
8
Suppose -3*k - 7 = -5*y + 10, k = -2*y - 13. Let o = k - -20. What is the tens digit of o?
1
What is the units digit of 70 - (-4 + 6/1)?
8
Let g(w) = -4*w - 7. Let h be g(-8). Let r = -18 + h. What is the units digit of r?
7
Let t be (-38 - -5)/(1 - 2). Suppose -3*f - 90 = -5*i + 2*f, 0 = 2*i - f - t. What is the units digit of i?
5
Let g(r) = -8*r + 2. What is the units digit of g(-6)?
0
Let l(c) = -7*c**2 + 6 - 53*c - 2*c**3 + 3*c**3 + 47*c. Let z = -8 + 16. What is the tens digit of l(z)?
2
Let x = 66 + -41. What is the tens digit of x?
2
Let r(a) = 4*a**3 + 14*a**2 - 6*a - 15. Let k(z) = -3*z**3 - 13*z**2 + 6*z + 14. Let v(n) = -5*k(n) - 4*r(n). What is the units digit of v(8)?
6
Let q(f) = 3*f - 20. What is the units digit of q(10)?
0
Let f = 0 - 3. Let s = -4 - f. What is the units digit of s/((0 - -1)/(-1))?
1
Let a be (-2)/(-5) + (-18)/(-30). Let u(m) = 4*m. What is the units digit of u(a)?
4
Let r be 24/9 - 2/3. Let y = 3 + r. Suppose 0 = l - y + 1. What is the units digit of l?
4
Suppose -2*m = -4*m. Suppose 0 = p + 5*u - 1, -2*u - 8 = -m*p - p. Let v(z) = -z + 7. What is the units digit of v(p)?
1
Let f = 2 + -2. Suppose -3*z + 0*z = l + 22, 3*l - 2*z + 22 = f. Let q = 15 + l. What is the units digit of q?
5
Let i be (8/6)/((-1)/30). What is the units digit of (-3)/(-5) - 296/i?
8
Suppose 0*f + 5*f = -5, -3*f = 4*z - 933. What is the tens digit of z?
3
Let r = -2 + 4. Let o = -24 - -28. Suppose -r*t = -0*t + m - 12, -5*m = -o*t + 52. What is the units digit of t?
8
Let y(j) = j**2 - 6*j + 1. Let z be y(6). Let n = z - -3. Suppose 3*o + 10 = -2*o, 2*u = -4*o + n. What is the units digit of u?
6
Let n = 1 - -16. What is the units digit of n?
7
Suppose -3*n - n + 28 = 0. Suppose 2*x + 165 = n*x. What is the units digit of x?
3
Let n = 3 + -6. Suppose -w + i + 11 = -3*i, 0 = -w + 2*i + 5. What is the units digit of (w/1 - n) + 0?
2
Let n = -13 - -12. What is the tens digit of ((-6)/(-6))/(n/(-31))?
3
Let h(a) = 12*a**2 - a + 1. What is the tens digit of h(2)?
4
Suppose -j + 159 = -q, 5*j - j - q = 639. What is the units digit of j?
0
Suppose 3*s = 85 + 215. What is the tens digit of 1/((-196)/s + 2)?
2
Suppose 2*l + 2*l = 12. Let y = l - -1. What is the units digit of y?
4
What is the tens digit of 1*(45/(-3))/((-2)/6)?
4
Let g = -5 + 13. What is the units digit of g?
8
Suppose q + 1 = -3*a, 0*q = -4*q - 3*a + 5. Let v(m) = q*m - 2 - 1 - 2 + 1. What is the units digit of v(6)?
8
Suppose -8*c = -372 - 396. What is the units digit of c?
6
Let c = -10 + 6. What is the units digit of ((-1 - -4) + c)*-5?
5
Let b(o) be the second derivative of -o**5/20 + o**4 + o**3/3 - 7*o**2 - 4*o. What is the tens digit of b(12)?
1
Let c(u) = -u**2 - 8*u + 2. Let l = 0 + 2. Suppose 2*o + 3 = l*a - 5, 0 = -2*o - a - 20. What is the units digit of c(o)?
2
Let i(p) = -p**2 + 26*p + 16. What is the tens digit of i(19)?
4
What is the tens digit of (56/6)/(1/3)?
2
Suppose 0 = 5*s - 8 - 12. Suppose 0 = -4*c + 16, -s*c + 16 = 2*f - c. What is the units digit of 14/(3/(6/f))?
4
Let a = 29 - 20. Let s(o) = 10*o - o**2 - 5 - 3 + 1. What is the units digit of s(a)?
2
Suppose -3*j - 1 + 10 = 0. Suppose -j*q + 4 + 5 = 0. What is the units digit of 1/q + (-92)/(-12)?
8
Let y = 6 - 1. Let z be 1 + y - (-3)/(-1). Suppose 5*c - z*c + g = 15, -27 = -4*c - g. What is the units digit of c?
6
Let n be 2 - (-1)/((-3)/(-6)). Suppose n*v = 3*c + 44, 3*c + 21 = 3*v - 12. What is the tens digit of v?
1
Suppose r + 5 = 2*r. Suppose -3*o - 2*y - r = -4*o, -5*y = 5*o - 100. What is the units digit of o?
5
Suppose -5*z - 3*k + 285 = -424, -5*z = -5*k - 685. What is the units digit of z?
0
Let d(t) = 6*t**2 + 2 - 7*t**2 + 8*t + 2. Let c be d(8). Suppose 4*s + 2*v = c*v + 48, -2*s - 4*v = -44. What is the tens digit of s?
1
Suppose 0 = 5*n - 5*l - 415, 0 = n - 0*n + 2*l - 80. What is the units digit of n?
2
Suppose -b = w - 234, -4*w - b = -990 + 60. What is the tens digit of w?
3
Let y = 167 + -46. What is the tens digit of y?
2
Suppose 14 + 1 = 5*q. Suppose 0 = q*a + 15 - 84. What is the units digit of a?
3
Let s = -21 + 29. Let d = s + 2. What is the tens digit of d?
1
Let k(m) = m + 11. Let c be k(-8). Suppose c*n - 3*y - 2*y - 18 = 0, -n = -y - 4. What is the units digit of n?
1
Suppose 2*a = -i - i + 10, -4*a - 3*i = -17. What is the units digit of (25/5)/(1/a)?
0
Suppose -9 = 3*g, 3*g + g + 22 = 5*t. Suppose t*o + 3*o = 975. What is the units digit of o/27 - 6/27?
7
Suppose -752 = -5*u + c, 137 + 603 = 5*u - 5*c. Suppose 43 = -3*f + u. What is the tens digit of f?
3
Let b = 10 + -6. Suppose -b*k = -3*k - 5. What is the units digit of k?
5
Let v = 1 - 3. Let r(n) = -5*n**3 - n**2 + 3*n + 2. What is the units digit of r(v)?
2
Let k = -17 + 17. What is the units digit of (-86)/(-2) - (k + 1)?
2
Let y(q) = 6*q + 13. Let c(p) = -3*p - 7. Let m(a) = 11*c(a) + 6*y(a). Let h be m(1). Suppose 5*l - 45 - 5 = -u, 46 = h*l + 2*u. What is the units digit of l?
9
Let v be (0/(-2))/(-1 + 0). Let d be 5/(-1)*(-7 + v). Suppose 0 = -5*t + 30 + d. What is the units digit of t?
3
Let p = 85 + -53. What is the tens digit of p?
3
Let q be ((-20)/(-3))/(-5)*-3. Suppose d = q*v - 3, -4*v + 9 = -2*v - 3*d. What is the units digit of 7 + 1 - (v - -1)?
7
Suppose j - 370 = -4*w, -1110 = -11*j + 8*j - 3*w. What is the hundreds digit of j?
3
Suppose -2*q - 2*n + 146 = -3*n, 2*q - 146 = 3*n. What is the tens digit of q?
7
Let z(f) = -f**3 - 28*f**2 - 37*f - 19. What is the tens digit of z(-27)?
5
Suppose 4 = -m + 3*b + 24, -2*m + 5*b + 36 = 0. What is the units digit of (-2)/(-8) + 78/m?
0
Let t(j) = -j**2 - 14*j - 1. Let p(g) = g**2 + 9*g + 1. Let m(r) = 8*p(r) + 5*t(r). Let b be m(3). Let c = b - 24. What is the units digit of c?
2
Suppose 4*g = -g + 1615. What is the hundreds digit of g?
3
Suppose -4*a + 9*a = -55. Let m = 25 + a. What is the units digit of m?
4
Suppose -5*p = 13 + 2. What is the units digit of (-2)/4*2*p?
3
Let x = 9 + -9. Suppose x*r - 3 = -r. Suppose -r*k = -0*k - 36. What is the units digit of k?
2
Let x(b) = -b**2 - b + 1. Let p be x(0). Let k(w) = 6*w**2 - 2*w + 1. What is the units digit of k(p)?
5
Let w be 12/15*(-15)/2. Let m(y) = y**3 + 5*y**2 - 5*y + 7. What is the units digit of m(w)?
1
Let g(i) = -7*i + 3. What is the units digit of g(-4)?
1
Let i be (-1 + 39)*(-3)/(-3). Let u = i + -26. What is the units digit of u?
2
Suppose 0 = 4*t - 3*t - 39. What is the tens digit of t?
3
Let s(d) = -27*d - 1. Let i be 2*(-4)/(11 + -3). What is the units digit of s(i)?
6
What is the tens digit of (76/(-10) - -7)/((-1)/135)?
8
Suppose -t - 3*t = -16. Let a = t - 4. What is the units digit of (9 - (0 - a))/1?
9
Let p(t) = -3*t + 2*t**2 + t + 2*t + 6 + t. What is the units digit of p(-4)?
4
Let t(x) = 0*x - 7 + 7 - 2*x. What is the units digit of t(-10)?
0
Let s(z) = -2*z**3 + 3*z**2 - 3*z + 3. Let t be s(2). Let k = -12 - t. What is the units digit of (-51)/(-15) + 2/k?
3
Suppose 0*l = l - 5. Let o(w) = l*w**2 - 7*w + 1 + 0*w**2 + 3 + w**3. What is the tens digit of o(-6)?
1
Let b be 6/8 + 2421/36. Suppose -3*g - b = -7*g. What is the tens digit of g?
1
Suppose -2*n - 4*t = n - 27, -2*t = 2*n - 20. What is the units digit of n?
3
Suppose 0 = -2*o - i + 15, 2*o - 6 = -4*i + 24. What is the units digit of o?
5
Let m(